7
What are the prime factors of 140269?
140269
What are the prime factors of 106747?
106747
What are the prime factors of 630054?
2, 3, 17, 29, 71
List the prime factors of 21834790.
2, 5, 47, 46457
List the prime factors of 2777986.
2, 23, 131, 461
What are the prime factors of 153511?
153511
List the prime factors of 596745.
3, 5, 89, 149
What are the prime factors of 693799?
693799
What are the prime factors of 1068976?
2, 71, 941
What are the prime factors of 1098345?
3, 5, 37, 1979
What are the prime factors of 1558592?
2, 7, 71
List the prime factors of 69585.
3, 5, 4639
List the prime factors of 429742.
2, 19, 43, 263
List the prime factors of 381967.
67, 5701
What are the prime factors of 11107102?
2, 1129, 4919
What are the prime factors of 2243533?
601, 3733
List the prime factors of 626118.
2, 3, 241, 433
What are the prime factors of 1135806?
2, 3, 7, 27043
List the prime factors of 12957619.
12957619
List the prime factors of 19276469.
19, 503, 2017
What are the prime factors of 394778?
2, 197389
What are the prime factors of 73228?
2, 18307
List the prime factors of 17639.
31, 569
List the prime factors of 358688.
2, 11, 1019
What are the prime factors of 192765?
3, 5, 71, 181
List the prime factors of 781805.
5, 156361
List the prime factors of 1709656.
2, 13, 17, 967
What are the prime factors of 18027221?
67, 269063
List the prime factors of 341574.
2, 3, 56929
List the prime factors of 19064542.
2, 7, 29, 46957
What are the prime factors of 299117?
7, 13, 19, 173
What are the prime factors of 179004?
2, 3, 7, 2131
List the prime factors of 1577259.
3, 58417
What are the prime factors of 1897813?
47, 149, 271
What are the prime factors of 2760421?
2760421
List the prime factors of 211980.
2, 3, 5, 3533
What are the prime factors of 77781?
3, 11, 2357
What are the prime factors of 10689511?
7, 619, 2467
What are the prime factors of 2937936?
2, 3, 97, 631
What are the prime factors of 12555455?
5, 11, 228281
What are the prime factors of 167073?
3, 55691
What are the prime factors of 891764?
2, 222941
List the prime factors of 152059.
73, 2083
List the prime factors of 36457.
36457
List the prime factors of 548231.
281, 1951
List the prime factors of 470685.
3, 5, 31379
List the prime factors of 1308225.
3, 5, 17443
List the prime factors of 1805244.
2, 3, 7, 21491
List the prime factors of 743172.
2, 3, 17, 3643
List the prime factors of 480293.
11, 47, 929
What are the prime factors of 976713?
3, 325571
What are the prime factors of 943181?
79, 11939
List the prime factors of 1423066.
2, 47, 15139
List the prime factors of 8063463.
3, 2687821
What are the prime factors of 114860?
2, 5, 5743
What are the prime factors of 184405?
5, 13, 2837
What are the prime factors of 3735933?
3, 907, 1373
List the prime factors of 62240.
2, 5, 389
List the prime factors of 465729.
3, 11, 1283
What are the prime factors of 1583566?
2, 791783
What are the prime factors of 1542964?
2, 385741
What are the prime factors of 117656?
2, 7, 11, 191
List the prime factors of 569210.
2, 5, 56921
What are the prime factors of 374044?
2, 11, 8501
List the prime factors of 137613.
3, 7, 6553
List the prime factors of 1740263.
7, 248609
What are the prime factors of 4434590?
2, 5, 43, 10313
List the prime factors of 1347489.
3, 11, 13, 349
What are the prime factors of 238071?
3, 79357
List the prime factors of 201217.
311, 647
List the prime factors of 1466169.
3, 488723
What are the prime factors of 821972?
2, 205493
List the prime factors of 793231.
19, 83, 503
What are the prime factors of 963376?
2, 19, 3169
What are the prime factors of 91480?
2, 5, 2287
What are the prime factors of 559565?
5, 111913
List the prime factors of 103662.
2, 3, 13, 443
What are the prime factors of 1658708?
2, 414677
What are the prime factors of 4078363?
4078363
What are the prime factors of 353936?
2, 11, 2011
List the prime factors of 563730.
2, 3, 5, 19, 23, 43
What are the prime factors of 460535?
5, 92107
List the prime factors of 4920229.
23, 71, 131
What are the prime factors of 97366?
2, 89, 547
List the prime factors of 14003115.
3, 5, 7, 193, 691
List the prime factors of 5818475.
5, 13, 17903
List the prime factors of 616524.
2, 3, 83, 619
List the prime factors of 488146.
2, 41, 5953
List the prime factors of 45663.
3, 31, 491
List the prime factors of 182576.
2, 11411
List the prime factors of 326857.
19, 17203
List the prime factors of 3380200.
2, 5, 16901
List the prime factors of 3129753.
3, 11, 94841
What are the prime factors of 162824?
2, 20353
What are the prime factors of 3184168?
2, 13, 17, 1801
What are the prime factors of 179639?
17, 10567
List the prime factors of 25908739.
25908739
List the prime factors of 1661419.
389, 4271
What are the prime factors of 3407824?
2, 7, 30427
List the prime factors of 2530281.
3, 13, 64879
List the prime factors of 5474927.
37, 73, 2027
What are the prime factors of 1657?
1657
What are the prime factors of 143918?
2, 227, 317
List the prime factors of 6999323.
61, 114743
What are the prime factors of 2543270?
2, 5, 197, 1291
List the prime factors of 8986721.
23, 390727
List the prime factors of 971478.
2, 3, 31, 1741
What are the prime factors of 377480?
2, 5, 9437
What are the prime factors of 2053234?
2, 751, 1367
What are the prime factors of 590556?
2, 3, 29, 1697
List the prime factors of 358670.
2, 5, 13, 31, 89
List the prime factors of 613816.
2, 7, 97, 113
What are the prime factors of 19864?
2, 13, 191
What are the prime factors of 6297399?
3, 179, 1303
What are the prime factors of 948730?
2, 5, 94873
List the prime factors of 14507507.
7, 19, 5741
What are the prime factors of 41752?
2, 17, 307
List the prime factors of 244971.
3, 43, 211
What are the prime factors of 30390367?
7, 19, 83, 2753
What are the prime factors of 4543106?
2, 2271553
List the prime factors of 36832377.
3, 101, 121559
List the prime factors of 5025305.
5, 223, 4507
What are the prime factors of 22250027?
22250027
What are the prime factors of 18732694?
2, 9366347
What are the prime factors of 2666397?
3, 888799
List the prime factors of 24983.
7, 43, 83
What are the prime factors of 23560?
2, 5, 19, 31
List the prime factors of 1612029.
3, 537343
List the prime factors of 10587365.
5, 37, 151, 379
What are the prime factors of 163938?
2, 3, 89, 307
What are the prime factors of 2342861?
353, 6637
What are the prime factors of 885266?
2, 442633
What are the prime factors of 1210713?
3, 7, 57653
List the prime factors of 30598.
2, 15299
What are the prime factors of 3488859?
3, 11, 17, 691
What are the prime factors of 22064871?
3, 19, 521, 743
List the prime factors of 19813533.
3, 113, 211, 277
List the prime factors of 155980.
2, 5, 11, 709
What are the prime factors of 53130?
2, 3, 5, 7, 11, 23
What are the prime factors of 196686?
2, 3, 7, 223
List the prime factors of 79674.
2, 3, 7, 271
List the prime factors of 17526384.
2, 3, 121711
What are the prime factors of 13427932?
2, 7, 479569
List the prime factors of 428099.
7, 23, 2659
What are the prime factors of 2268923?
19, 119417
What are the prime factors of 1257436?
2, 314359
List the prime factors of 1733426.
2, 866713
List the prime factors of 130439.
130439
List the prime factors of 19578595.
5, 3915719
List the prime factors of 21670.
2, 5, 11, 197
What are the prime factors of 496716?
2, 3, 11, 53, 71
What are the prime factors of 117861?
3, 17, 2311
What are the prime factors of 607715?
5, 19, 6397
What are the prime factors of 960230?
2, 5, 131, 733
List the prime factors of 1088836.
2, 7, 37, 1051
List the prime factors of 2428737.
3, 809579
What are the prime factors of 1001229?
3, 83, 4021
What are the prime factors of 1948837?
11, 177167
What are the prime factors of 450690?
2, 3, 5, 83, 181
List the prime factors of 1381160.
2, 5, 11, 43, 73
What are the prime factors of 2422394?
2, 13, 93169
What are the prime factors of 9551135?
5, 11, 15787
What are the prime factors of 158806?
2, 271, 293
What are the prime factors of 4587359?
7, 655337
What are the prime factors of 1722993?
3, 353, 1627
What are the prime factors of 339636?
2, 3, 11, 31, 83
List the prime factors of 30069638.
2, 15034819
What are the prime factors of 8126052?
2, 3, 11, 61561
